{"id":465,"date":"2022-09-26T23:13:02","date_gmt":"2022-09-26T21:13:02","guid":{"rendered":"http:\/\/gbrlcbrl.fr\/portfolio\/?page_id=465"},"modified":"2025-11-20T13:50:19","modified_gmt":"2025-11-20T12:50:19","slug":"nda","status":"publish","type":"page","link":"https:\/\/gbrlcbrl.fr\/portfolio\/nda\/","title":{"rendered":"Projets sous NDA"},"content":{"rendered":"\n<p>Les mots de passes des animatiques sont disponibles sur demande. Merci pour votre compr\u00e9hension<\/p>\n\n\n\n<h2 class=\"wp-block-heading wp-embed-aspect-16-9 wp-has-aspect-ratio has-ast-global-color-3-color has-text-color has-link-color wp-elements-49bc429eb3534f48fd7341a3faf4a41a\">20 All\u00e9e de la danse <sup>(2025)<\/sup><\/h2>\n\n\n\n<p class=\"has-text-align-center wp-embed-aspect-16-9 wp-has-aspect-ratio\"><em>(<strong>La s\u00e9rie n&rsquo;a pas encore \u00e9t\u00e9 diffus\u00e9e<\/strong>)<\/em><\/p>\n\n\n\n<hr class=\"wp-block-separator has-text-color has-ast-global-color-4-color has-alpha-channel-opacity has-ast-global-color-4-background-color has-background is-style-wide\"\/>\n\n\n\n<p><\/p>\n\n\n\n<h2 class=\"wp-block-heading wp-embed-aspect-16-9 wp-has-aspect-ratio has-ast-global-color-3-color has-text-color has-link-color wp-elements-fa865fae9e274d1b424737ca8d5ff1d0\">Foot2Rue saison 5 <sup>(2024)<\/sup><\/h2>\n\n\n\n<p class=\"has-text-align-center wp-embed-aspect-16-9 wp-has-aspect-ratio\">Foot2Rue saison 5 est une s\u00e9rie m\u00ealant aventure et valeurs sportives, produite par Monello Productions pour France T\u00e9l\u00e9visions.<\/p>\n\n\n\n<div class=\"wp-block-media-text is-stacked-on-mobile is-vertically-aligned-center wp-embed-aspect-16-9 wp-has-aspect-ratio\" style=\"grid-template-columns:48% auto\"><figure class=\"wp-block-media-text__media\"><img decoding=\"async\" src=\"https:\/\/gbrlcbrl.fr\/portfolio\/wp-content\/uploads\/2025\/11\/street-football.jpg\" alt=\"\" class=\"wp-image-405 size-full\"\/><\/figure><div class=\"wp-block-media-text__content\"><p><div class=\"ppw-restricted-content ppw-pcp-container\" id=\"4656\">\n\t<form method=\"post\" autocomplete=\"off\" action=\"https:\/\/gbrlcbrl.fr\/portfolio\/nda\/?action=postpass&r=76\" target=\"_top\" class=\"post-password-form ppw-form ppw-pcp-password-form\" data-submit=\"465\">\n\t\t<div class=\"ppw-headline ppw-pcp-pf-headline\">Contenu\u00a0prot\u00e9g\u00e9\u00a0\u00a0\ud83d\udc40<\/div>\n\t\t<div class=\"ppw-description ppw-pcp-pf-desc\">Pour\u00a0voir\u00a0cette\u00a0animatique,\u00a0entrez\u00a0le\u00a0mot\u00a0de\u00a0passe\u00a0ci-dessous\u00a0:<\/div>\n\t\t\n\t\t<p class=\"ppw-input\">\n\t\t\t<input type=\"hidden\" value=\"0\" name=\"area\" \/>\n\t\t\t<label class=\"ppw-pcp-password-label\">\u00a0 <input placeholder=\"\" type=\"password\" tabindex=\"1\" name=\"465\" class=\"ppw-password-input ppw-pcp-pf-password-input\" autocomplete=\"new-password\">\n\t\t\t<\/label>\n\t\t\t<input class=\"ppw-page\" type=\"hidden\" value=\"1\" \/>\n\t\t\t\n\t\t\t\t\t\t<input name=\"submit\" type=\"submit\" data-loading=\"Chargement...\" class=\"ppw-submit ppw-pcp-pf-submit-btn\" value=\"Entrer\"\/>\n\t\t<\/p>\n\t\t\n\t\t<div class=\"ppw-pcp-pf-desc-below-form\"><\/div>\n\t\t\n\t\t<div class=\"ppw-error ppw-pcp-pf-error-msg\" style=\"color: #dc3232\">\n\t\t\t\n\t\t<\/div>\n\t<\/form>\n<\/div>\n<\/p>\n<\/div><\/div>\n\n\n\n<p><\/p>\n\n\n\n<hr class=\"wp-block-separator has-text-color has-ast-global-color-4-color has-alpha-channel-opacity has-ast-global-color-4-background-color has-background is-style-wide\"\/>\n\n\n\n<p><\/p>\n\n\n\n<h2 class=\"wp-block-heading wp-embed-aspect-16-9 wp-has-aspect-ratio has-ast-global-color-3-color has-text-color has-link-color wp-elements-c7a4a230966860f4e5f28d3c457776c9\">Bitmuch Saison 2 <sup>(2022)<\/sup><\/h2>\n\n\n\n<p class=\"has-text-align-center wp-embed-aspect-16-9 wp-has-aspect-ratio\">Bitmuch est une s\u00e9rie satirique et humoristique r\u00e9alis\u00e9e par <em>Melting Production <\/em>pour <strong>France T\u00e9l\u00e9vision<\/strong>.<\/p>\n\n\n\n<div class=\"wp-block-media-text is-stacked-on-mobile is-vertically-aligned-center wp-embed-aspect-16-9 wp-has-aspect-ratio\" style=\"grid-template-columns:48% auto\"><figure class=\"wp-block-media-text__media\"><img loading=\"lazy\" decoding=\"async\" width=\"1480\" height=\"832\" src=\"https:\/\/gbrlcbrl.fr\/portfolio\/wp-content\/uploads\/2022\/09\/Sans-titre-2.jpg\" alt=\"\" class=\"wp-image-405 size-full\" srcset=\"https:\/\/gbrlcbrl.fr\/portfolio\/wp-content\/uploads\/2022\/09\/Sans-titre-2.jpg 1480w, https:\/\/gbrlcbrl.fr\/portfolio\/wp-content\/uploads\/2022\/09\/Sans-titre-2-1000x562.jpg 1000w, https:\/\/gbrlcbrl.fr\/portfolio\/wp-content\/uploads\/2022\/09\/Sans-titre-2-768x432.jpg 768w, https:\/\/gbrlcbrl.fr\/portfolio\/wp-content\/uploads\/2022\/09\/Sans-titre-2-500x281.jpg 500w, https:\/\/gbrlcbrl.fr\/portfolio\/wp-content\/uploads\/2022\/09\/Sans-titre-2-800x450.jpg 800w, https:\/\/gbrlcbrl.fr\/portfolio\/wp-content\/uploads\/2022\/09\/Sans-titre-2-1280x720.jpg 1280w\" sizes=\"auto, (max-width: 1480px) 100vw, 1480px\" \/><\/figure><div class=\"wp-block-media-text__content\"><p><div class=\"ppw-restricted-content ppw-pcp-container\" id=\"465204\">\n\t<form method=\"post\" autocomplete=\"off\" action=\"https:\/\/gbrlcbrl.fr\/portfolio\/nda\/?action=postpass&r=48\" target=\"_top\" class=\"post-password-form ppw-form ppw-pcp-password-form\" data-submit=\"465\">\n\t\t<div class=\"ppw-headline ppw-pcp-pf-headline\">Contenu\u00a0prot\u00e9g\u00e9\u00a0\u00a0\ud83d\udc40<\/div>\n\t\t<div class=\"ppw-description ppw-pcp-pf-desc\">Pour\u00a0voir\u00a0cette\u00a0animatique,\u00a0entrez\u00a0le\u00a0mot\u00a0de\u00a0passe\u00a0ci-dessous\u00a0:<\/div>\n\t\t\n\t\t<p class=\"ppw-input\">\n\t\t\t<input type=\"hidden\" value=\"0\" name=\"area\" \/>\n\t\t\t<label class=\"ppw-pcp-password-label\">\u00a0 <input placeholder=\"\" type=\"password\" tabindex=\"1\" name=\"465\" class=\"ppw-password-input ppw-pcp-pf-password-input\" autocomplete=\"new-password\">\n\t\t\t<\/label>\n\t\t\t<input class=\"ppw-page\" type=\"hidden\" value=\"1\" \/>\n\t\t\t\n\t\t\t\t\t\t<input name=\"submit\" type=\"submit\" data-loading=\"Chargement...\" class=\"ppw-submit ppw-pcp-pf-submit-btn\" value=\"Entrer\"\/>\n\t\t<\/p>\n\t\t\n\t\t<div class=\"ppw-pcp-pf-desc-below-form\"><\/div>\n\t\t\n\t\t<div class=\"ppw-error ppw-pcp-pf-error-msg\" style=\"color: #dc3232\">\n\t\t\t\n\t\t<\/div>\n\t<\/form>\n<\/div>\n<\/p>\n<\/div><\/div>\n\n\n\n<p><\/p>\n","protected":false},"excerpt":{"rendered":"<p>Les mots de passes des animatiques sont disponibles sur demande. Merci pour votre compr\u00e9hension 20 All\u00e9e de la danse (2025) (La s\u00e9rie n&rsquo;a pas encore \u00e9t\u00e9 diffus\u00e9e) Foot2Rue saison 5 (2024) Foot2Rue saison 5 est une s\u00e9rie m\u00ealant aventure et valeurs sportives, produite par Monello Productions pour France T\u00e9l\u00e9visions. Bitmuch Saison 2 (2022) Bitmuch est [&hellip;]<\/p>\n","protected":false},"author":1,"featured_media":0,"parent":0,"menu_order":0,"comment_status":"closed","ping_status":"closed","template":"","meta":{"site-sidebar-layout":"default","site-content-layout":"","ast-site-content-layout":"default","site-content-style":"default","site-sidebar-style":"default","ast-global-header-display":"","ast-banner-title-visibility":"","ast-main-header-display":"","ast-hfb-above-header-display":"","ast-hfb-below-header-display":"","ast-hfb-mobile-header-display":"","site-post-title":"","ast-breadcrumbs-content":"","ast-featured-img":"","footer-sml-layout":"","theme-transparent-header-meta":"","adv-header-id-meta":"","stick-header-meta":"","header-above-stick-meta":"","header-main-stick-meta":"","header-below-stick-meta":"","astra-migrate-meta-layouts":"set","ast-page-background-enabled":"default","ast-page-background-meta":{"desktop":{"background-color":"var(--ast-global-color-4)","background-image":"","background-repeat":"repeat","background-position":"center center","background-size":"auto","background-attachment":"scroll","background-type":"","background-media":"","overlay-type":"","overlay-color":"","overlay-opacity":"","overlay-gradient":""},"tablet":{"background-color":"","background-image":"","background-repeat":"repeat","background-position":"center center","background-size":"auto","background-attachment":"scroll","background-type":"","background-media":"","overlay-type":"","overlay-color":"","overlay-opacity":"","overlay-gradient":""},"mobile":{"background-color":"","background-image":"","background-repeat":"repeat","background-position":"center center","background-size":"auto","background-attachment":"scroll","background-type":"","background-media":"","overlay-type":"","overlay-color":"","overlay-opacity":"","overlay-gradient":""}},"ast-content-background-meta":{"desktop":{"background-color":"var(--ast-global-color-5)","background-image":"","background-repeat":"repeat","background-position":"center center","background-size":"auto","background-attachment":"scroll","background-type":"","background-media":"","overlay-type":"","overlay-color":"","overlay-opacity":"","overlay-gradient":""},"tablet":{"background-color":"var(--ast-global-color-5)","background-image":"","background-repeat":"repeat","background-position":"center center","background-size":"auto","background-attachment":"scroll","background-type":"","background-media":"","overlay-type":"","overlay-color":"","overlay-opacity":"","overlay-gradient":""},"mobile":{"background-color":"var(--ast-global-color-5)","background-image":"","background-repeat":"repeat","background-position":"center center","background-size":"auto","background-attachment":"scroll","background-type":"","background-media":"","overlay-type":"","overlay-color":"","overlay-opacity":"","overlay-gradient":""}},"_vp_format_video_url":"","_vp_image_focal_point":[],"footnotes":""},"class_list":["post-465","page","type-page","status-publish","hentry"],"yoast_head":"<!-- This site is optimized with the Yoast SEO plugin v26.8 - https:\/\/yoast.com\/product\/yoast-seo-wordpress\/ -->\n<title>Projets sous NDA &#8211; Gabriel Cabrol<\/title>\n<meta name=\"description\" content=\"Hi ! I&#039;m a Paris-based Illustrator and Storyboard Artist working in the animation industry. I love storytelling, and this is my portfolio.\" \/>\n<meta name=\"robots\" content=\"index, follow, max-snippet:-1, max-image-preview:large, max-video-preview:-1\" \/>\n<link rel=\"canonical\" href=\"https:\/\/gbrlcbrl.fr\/portfolio\/nda\/\" \/>\n<meta name=\"twitter:label1\" content=\"Dur\u00e9e de lecture estim\u00e9e\" \/>\n\t<meta name=\"twitter:data1\" content=\"1 minute\" \/>\n<script type=\"application\/ld+json\" class=\"yoast-schema-graph\">{\"@context\":\"https:\/\/schema.org\",\"@graph\":[{\"@type\":\"WebPage\",\"@id\":\"https:\/\/gbrlcbrl.fr\/portfolio\/nda\/\",\"url\":\"https:\/\/gbrlcbrl.fr\/portfolio\/nda\/\",\"name\":\"Projets sous NDA &#8211; Gabriel Cabrol\",\"isPartOf\":{\"@id\":\"https:\/\/gbrlcbrl.fr\/portfolio\/#website\"},\"primaryImageOfPage\":{\"@id\":\"https:\/\/gbrlcbrl.fr\/portfolio\/nda\/#primaryimage\"},\"image\":{\"@id\":\"https:\/\/gbrlcbrl.fr\/portfolio\/nda\/#primaryimage\"},\"thumbnailUrl\":\"https:\/\/gbrlcbrl.fr\/portfolio\/wp-content\/uploads\/2025\/11\/street-football.jpg\",\"datePublished\":\"2022-09-26T21:13:02+00:00\",\"dateModified\":\"2025-11-20T12:50:19+00:00\",\"description\":\"Hi ! I'm a Paris-based Illustrator and Storyboard Artist working in the animation industry. I love storytelling, and this is my portfolio.\",\"breadcrumb\":{\"@id\":\"https:\/\/gbrlcbrl.fr\/portfolio\/nda\/#breadcrumb\"},\"inLanguage\":\"fr-FR\",\"potentialAction\":[{\"@type\":\"ReadAction\",\"target\":[\"https:\/\/gbrlcbrl.fr\/portfolio\/nda\/\"]}]},{\"@type\":\"ImageObject\",\"inLanguage\":\"fr-FR\",\"@id\":\"https:\/\/gbrlcbrl.fr\/portfolio\/nda\/#primaryimage\",\"url\":\"https:\/\/gbrlcbrl.fr\/portfolio\/wp-content\/uploads\/2022\/09\/Sans-titre-2.jpg\",\"contentUrl\":\"https:\/\/gbrlcbrl.fr\/portfolio\/wp-content\/uploads\/2022\/09\/Sans-titre-2.jpg\",\"width\":1480,\"height\":832},{\"@type\":\"BreadcrumbList\",\"@id\":\"https:\/\/gbrlcbrl.fr\/portfolio\/nda\/#breadcrumb\",\"itemListElement\":[{\"@type\":\"ListItem\",\"position\":1,\"name\":\"Accueil\",\"item\":\"https:\/\/gbrlcbrl.fr\/portfolio\/\"},{\"@type\":\"ListItem\",\"position\":2,\"name\":\"Projets sous NDA\"}]},{\"@type\":\"WebSite\",\"@id\":\"https:\/\/gbrlcbrl.fr\/portfolio\/#website\",\"url\":\"https:\/\/gbrlcbrl.fr\/portfolio\/\",\"name\":\"Gabriel Cabrol\",\"description\":\"Story artist, illustrator &amp; character designer\",\"publisher\":{\"@id\":\"https:\/\/gbrlcbrl.fr\/portfolio\/#organization\"},\"potentialAction\":[{\"@type\":\"SearchAction\",\"target\":{\"@type\":\"EntryPoint\",\"urlTemplate\":\"https:\/\/gbrlcbrl.fr\/portfolio\/?s={search_term_string}\"},\"query-input\":{\"@type\":\"PropertyValueSpecification\",\"valueRequired\":true,\"valueName\":\"search_term_string\"}}],\"inLanguage\":\"fr-FR\"},{\"@type\":\"Organization\",\"@id\":\"https:\/\/gbrlcbrl.fr\/portfolio\/#organization\",\"name\":\"Gabriel Cabrol\",\"url\":\"https:\/\/gbrlcbrl.fr\/portfolio\/\",\"logo\":{\"@type\":\"ImageObject\",\"inLanguage\":\"fr-FR\",\"@id\":\"https:\/\/gbrlcbrl.fr\/portfolio\/#\/schema\/logo\/image\/\",\"url\":\"https:\/\/gbrlcbrl.fr\/portfolio\/wp-content\/uploads\/2022\/09\/Dessin-89pxsitecrop-sansligne.gif\",\"contentUrl\":\"https:\/\/gbrlcbrl.fr\/portfolio\/wp-content\/uploads\/2022\/09\/Dessin-89pxsitecrop-sansligne.gif\",\"width\":89,\"height\":74,\"caption\":\"Gabriel Cabrol\"},\"image\":{\"@id\":\"https:\/\/gbrlcbrl.fr\/portfolio\/#\/schema\/logo\/image\/\"},\"sameAs\":[\"https:\/\/x.com\/MrKelsius\",\"https:\/\/www.instagram.com\/kelsius_\/\",\"https:\/\/www.linkedin.com\/in\/gbrlcbrl\/\"]}]}<\/script>\n<!-- \/ Yoast SEO plugin. -->","yoast_head_json":{"title":"Projets sous NDA &#8211; Gabriel Cabrol","description":"Hi ! I'm a Paris-based Illustrator and Storyboard Artist working in the animation industry. I love storytelling, and this is my portfolio.","robots":{"index":"index","follow":"follow","max-snippet":"max-snippet:-1","max-image-preview":"max-image-preview:large","max-video-preview":"max-video-preview:-1"},"canonical":"https:\/\/gbrlcbrl.fr\/portfolio\/nda\/","twitter_misc":{"Dur\u00e9e de lecture estim\u00e9e":"1 minute"},"schema":{"@context":"https:\/\/schema.org","@graph":[{"@type":"WebPage","@id":"https:\/\/gbrlcbrl.fr\/portfolio\/nda\/","url":"https:\/\/gbrlcbrl.fr\/portfolio\/nda\/","name":"Projets sous NDA &#8211; Gabriel Cabrol","isPartOf":{"@id":"https:\/\/gbrlcbrl.fr\/portfolio\/#website"},"primaryImageOfPage":{"@id":"https:\/\/gbrlcbrl.fr\/portfolio\/nda\/#primaryimage"},"image":{"@id":"https:\/\/gbrlcbrl.fr\/portfolio\/nda\/#primaryimage"},"thumbnailUrl":"https:\/\/gbrlcbrl.fr\/portfolio\/wp-content\/uploads\/2025\/11\/street-football.jpg","datePublished":"2022-09-26T21:13:02+00:00","dateModified":"2025-11-20T12:50:19+00:00","description":"Hi ! I'm a Paris-based Illustrator and Storyboard Artist working in the animation industry. I love storytelling, and this is my portfolio.","breadcrumb":{"@id":"https:\/\/gbrlcbrl.fr\/portfolio\/nda\/#breadcrumb"},"inLanguage":"fr-FR","potentialAction":[{"@type":"ReadAction","target":["https:\/\/gbrlcbrl.fr\/portfolio\/nda\/"]}]},{"@type":"ImageObject","inLanguage":"fr-FR","@id":"https:\/\/gbrlcbrl.fr\/portfolio\/nda\/#primaryimage","url":"https:\/\/gbrlcbrl.fr\/portfolio\/wp-content\/uploads\/2022\/09\/Sans-titre-2.jpg","contentUrl":"https:\/\/gbrlcbrl.fr\/portfolio\/wp-content\/uploads\/2022\/09\/Sans-titre-2.jpg","width":1480,"height":832},{"@type":"BreadcrumbList","@id":"https:\/\/gbrlcbrl.fr\/portfolio\/nda\/#breadcrumb","itemListElement":[{"@type":"ListItem","position":1,"name":"Accueil","item":"https:\/\/gbrlcbrl.fr\/portfolio\/"},{"@type":"ListItem","position":2,"name":"Projets sous NDA"}]},{"@type":"WebSite","@id":"https:\/\/gbrlcbrl.fr\/portfolio\/#website","url":"https:\/\/gbrlcbrl.fr\/portfolio\/","name":"Gabriel Cabrol","description":"Story artist, illustrator &amp; character designer","publisher":{"@id":"https:\/\/gbrlcbrl.fr\/portfolio\/#organization"},"potentialAction":[{"@type":"SearchAction","target":{"@type":"EntryPoint","urlTemplate":"https:\/\/gbrlcbrl.fr\/portfolio\/?s={search_term_string}"},"query-input":{"@type":"PropertyValueSpecification","valueRequired":true,"valueName":"search_term_string"}}],"inLanguage":"fr-FR"},{"@type":"Organization","@id":"https:\/\/gbrlcbrl.fr\/portfolio\/#organization","name":"Gabriel Cabrol","url":"https:\/\/gbrlcbrl.fr\/portfolio\/","logo":{"@type":"ImageObject","inLanguage":"fr-FR","@id":"https:\/\/gbrlcbrl.fr\/portfolio\/#\/schema\/logo\/image\/","url":"https:\/\/gbrlcbrl.fr\/portfolio\/wp-content\/uploads\/2022\/09\/Dessin-89pxsitecrop-sansligne.gif","contentUrl":"https:\/\/gbrlcbrl.fr\/portfolio\/wp-content\/uploads\/2022\/09\/Dessin-89pxsitecrop-sansligne.gif","width":89,"height":74,"caption":"Gabriel Cabrol"},"image":{"@id":"https:\/\/gbrlcbrl.fr\/portfolio\/#\/schema\/logo\/image\/"},"sameAs":["https:\/\/x.com\/MrKelsius","https:\/\/www.instagram.com\/kelsius_\/","https:\/\/www.linkedin.com\/in\/gbrlcbrl\/"]}]}},"_links":{"self":[{"href":"https:\/\/gbrlcbrl.fr\/portfolio\/wp-json\/wp\/v2\/pages\/465","targetHints":{"allow":["GET"]}}],"collection":[{"href":"https:\/\/gbrlcbrl.fr\/portfolio\/wp-json\/wp\/v2\/pages"}],"about":[{"href":"https:\/\/gbrlcbrl.fr\/portfolio\/wp-json\/wp\/v2\/types\/page"}],"author":[{"embeddable":true,"href":"https:\/\/gbrlcbrl.fr\/portfolio\/wp-json\/wp\/v2\/users\/1"}],"replies":[{"embeddable":true,"href":"https:\/\/gbrlcbrl.fr\/portfolio\/wp-json\/wp\/v2\/comments?post=465"}],"version-history":[{"count":0,"href":"https:\/\/gbrlcbrl.fr\/portfolio\/wp-json\/wp\/v2\/pages\/465\/revisions"}],"wp:attachment":[{"href":"https:\/\/gbrlcbrl.fr\/portfolio\/wp-json\/wp\/v2\/media?parent=465"}],"curies":[{"name":"wp","href":"https:\/\/api.w.org\/{rel}","templated":true}]}}